26 + 9 - (-40 + 69 - 20)?
-22
(-141 - -122) + (5 - 3) + -10
-27
What is the value of 388 - 513 - (-7 - 106)?
-12
Calculate -67 + (1 - (4 - 1)) + 38 + (6 - 57).
-82
Evaluate (8 - (-6 - 1 - (-50 + 35))) + -63.
-63
17 + (10 + 3 - 37) + (-6 - 56)
-69
Calculate 561 + -709 + 208 - (-1 + -2 - (0 - 1)).
62
Evaluate 21 + (-46 - (-40 - -27)).
-12
What is 9 + (4 - (170 + -53))?
-104
What is the value of 0 - ((13 - 18) + 6 + (-2 - 2) - -3)?
0
Calculate 2 - 2 - 3 - (66 + (-37 - 84)).
52
What is the value of -11 + (30 - 4) + -1 + -10?
4
Evaluate -7 + -1 - -95 - (7 - -5 - 4 - 4).
83
What is -51 + (-38 - -35) - -5?
-49
(2 - -66 - 1) + -53
14
What is -15 - 1 - (1 - (-4 - -15)) - (1 - -13)?
-20
Evaluate -53 + (93 - (106 - 51)).
-15
Calculate (-43 - (-9 + -8)) + 30 + (-10 - -2).
-4
Calculate 113 - (2 + -1) - ((-15 - -3) + (-368 - -384)).
108
2590 + -2548 - (10 + (0 - (-1 - -1)))
32
-3 - (-18 + 10) - ((-16 - (7 - 16)) + -2)
14
What is the value of (-39 - -19 - (63 + -86)) + (-1 - 1) + -93?
-92
(6 - (-21 + 33)) + -4 + 18 + 1 + -100
-91
Calculate -28 - (-2 + 15 + -61).
20
Calculate 21 - ((20 - (7 - -9)) + -26).
43
-34 + (-35 - (-138 + 21))
48
What is the value of (8 - -62) + 302 + -379?
-7
Evaluate 34 - (1 - (-3 + 20 + (6 - 4) + -10)).
42
What is the value of 26513 - 26554 - (-10 - (0 - (-2 + 1)))?
-30
41 + -11 - 92 - (-19 + 0)
-43
Calculate 2 + -3 - -1 - (-12 + 45 + -69 + -21).
57
Calculate -22 - (-8 + (-13 - (-10 - -28))).
17
What is 11 - -1 - (112 + (125 - 175))?
-50
Evaluate 1 + 0 + (11866 - 11918).
-51
What is -123 + (82 - -145 - 22)?
82
Calculate -2 + -15 - (65 + 38 + -71).
-49
What is 40 + -12 - ((42 - 73) + 10)?
49
Calculate -15 + (42 - 31) - (-17 + -1 + 0).
14
What is (-10 + -1 - (9 - (11 + -15 + 40))) + 3?
19
15 - -1 - 26 - 26
-36
Evaluate 19 + -1 + (-230 + 386 - 215).
-41
-58 + (-17 - -1 - -11) - -3
-60
What is the value of -162 + -1 - (5722 + -5870)?
-15
What is 0 - (19 + -13) - (49 + -26)?
-29
Evaluate (-2 - (-3 + 0)) + (220 - 130) + -86.
5
Calculate -20 + (-13 + 18 - -22) - (-19 + 3).
23
What is the value of -12 - (-59 - 16) - (4 + -9 - -22)?
46
What is the value of 0 + 42 + 6 + -7 - (14 + -2 + -13)?
42
57 - (57 - (24 - 1))
23
What is 2 - (8 - 16 - 0) - (11 - 8)?
7
Calculate 7 + (-20 - -23) + 10.
20
What is 21 + 0 - (1493 + -1480) - (1 + 44)?
-37
Calculate (-29 - (10 + -12 - 9)) + 39.
21
What is the value of 12 - (-15 + 8 + -15)?
34
What is 12 + 14 + -17 + -6 - -23?
26
What is 88 - (2 + (5 - (-9 + (10 - -1)) - -7))?
76
Evaluate 5 - ((-7 - -12) + 1) - -25 - 2.
22
(50 - 123) + -19 + 139
47
Evaluate 0 + -21 + (178 + -78 - 93) + -41.
-55
What is -55 + -3 - (20 + 6 + -11 - 2 - 12)?
-59
(-1 - -24) + 36 + -133 + 12
-62
What is the value of (-2 - -91) + -99 + 27?
17
Evaluate (29 - -9) + 4 + -2.
40
Calculate 122 - (-124 + -5 - -369).
-118
What is the value of (-82 - 4) + (3286 - 3174)?
26
Evaluate 13 + -3 + -110 + 23 + (2 - -1).
-74
Evaluate -17 + -8 - -10 - (-2 + 2 + -7).
-8
Calculate 10 - (169 + -152 + 99).
-106
Calculate (-17 - -5 - -5) + 1 - 112.
-118
What is -14 - 0 - (49 + -91 + -4 + 44)?
-12
Calculate 46 + (2 - 1 - (41 + 11 + -36)).
31
What is the value of -74 + (103 - 87) - -178?
120
-90 + -20 + -11 + 129
8
What is -16 + -3 + (26 - 20) + 30?
17
What is -3 - (-6 + -8 + (5 - -33))?
-27
What is the value of 11 + (34 - (22 - -150)) - (1 + -5)?
-123
Evaluate -214 - -236 - (-3 - (4 + -2 - (-2 + 5))).
24
What is -44 - (-16 + -3) - 23?
-48
What is -7 - 42 - -5 - ((79 - 67) + -6 + -19)?
-31
What is the value of 11 + (6 + 34 - 7)?
44
Evaluate 26 - -1 - (-22 - (-104 + 68)).
13
What is (81 - 62 - 39) + 0 + -27?
-47
What is the value of 13 + 12 + -15 + 9?
19
Evaluate 5 + 1 + (-194 - -170) + 1 - 46.
-63
What is 72 + 1 + (-250 - -215)?
38
What is the value of (28 - (39 + -30)) + -4?
15
Calculate -41 + -3 + 0 - (-1869 - -1847).
-22
What is -20 + (27 + -18 + -3 - -7)?
-7
Evaluate (-363 - -367) + (2 - 18) + (41 - 2).
27
29 + 101 - (115 - 67)
82
Calculate -2 + 0 + -4 + (-101 - -144).
37
Evaluate -51 + 55 - 33 - -42.
13
What is (2 + 0 - 50) + (-12 - -1) + 8?
-51
Evaluate 2 - 99 - (15 + (-7 + 0 - -3) - 14).
-94
Evaluate 20 - 22 - (-9 - 39 - 11).
57
What is -10 + -56 + 101 + -116?
-81
What is 3 + (-57 - -12) + 11?
-31
Calculate (-225 - -265) + (-51 - 1).
-12
Calculate (-17 - -7) + -1 + 20 + (-16 - 9) + 29.
13
Calculate 123 - (122 + -116 + 6 + 1).
110
Evaluate (1 - -2 - (6 - -3)) + (50 - (77 - -17)).
-50
What is -8 + (-20 - 13 - -11) + -10?
-40
What is 46 - (57 - 129 - -79)?
39
What is (11 - 6 - (6 - (2 + -5))) + -11?
-15
Calculate -1 + 9 - ((-40 + 49 - (-1 - -11)) + 41).
-32
What is the value of -19 + (26 - 1) + -15 + 52 + -4?
39
What is 20 - (-5 + 41 + -19 - -23)?
-20
What is (63 - 75) + -2 + (6 - (-2 - -4))?
-10
What is 14 + -18 + 0 + (51 - 42) + -6 - -10?
9
What is the value of 0 + -2 + 10 + -67 + -35 + 90?
-4
What is (4 + -11 + -4 - 24) + -11?
-46
What is the value of -43 - ((-57 - -41) + 37)?
-64
Calculate (71 - 25 - -12) + -174.
-116
Evaluate (48 - (98 + -72)) + (-21 - 2).
-1
What is the value of (-41 - (0 + 12)) + -9 - -22?
-40
-2278 + 2280 + 1 + -68
-65
Evaluate 18 + (19 - 14) + (-21 - (133 - 0)).
-131
What is the value of 5 + (1 - (25 + -44)) + -46?
-21
What is the value of 236 - 160 - (26 + (10 - 14))?
54
What is the value of 65 + -161 - -87 - (1 - (-11 - 3))?
-24
Evaluate 4 + -14 + -9 + (7 - -23).
11
Calculate -4 - (0 - -2) - (44 - 47) - -25.
22
Evaluate 324 + -374 - (2 + (-14 - 4)).
-34
Calculate -19 - (-55 - -11) - 64.
-39
Calculate (-3 + 57 + -2 - (0 + 3)) + (35 - 31).
53
What is 27 + 0 - (2 + -12 + (49 + -23 - 16))?
27
Evaluate -25 - (-38 + (85 - 44)).
-28
What is the value of -9 + (-1 - -58 - (66 + -46 + -34))?
62
-54 + 91 - (15 - -16) - -20
26
What is 57 + -27 + -35 - -10 - (48 - 0 - 1)?
-42
Calculate 47 - (9 - (-146 - -145 - (-1 - 25))).
63
Evaluate 3336 - 3350 - (29 - -1).
-44
82 + -23 - 8 - -3
54
What is the value of (68 - (4 - 47)) + (2 - -4 - (1 - -1))?
115
Evaluate -13 - (-71 + 1 + (0 - (10 + -5)) + 21).
41
2 + (97 - (6 - -28)) + 4 + 4
73
11 + (2 - (71 - 45)) - (0 - 2)
-11
What is 71 + 73 + -157 - (-1 - -44)?
-56
Evaluate (-13 - (6 + -19)) + (-1 + 9 - 23).
-15
What is 2 + -11 + (-20 - (30 + -64))?
5
(-162 - -28) + 54 + 80
0
Calculate (-62 - (-45 - -34)) + (-1 - -5).
-47
What is the value of 40 - (90 - (15 - -26))?
-9
6 + -1 + (21 - (-44 - -58))
12
109 + -63 + (-6 - -29) + -14
55
Calculate -5 + 1 + 4 + -9 + -168 + 200.
23
What is the value of (0 + -4 + 20 - -2) + 1908 + -1912?
14
-15 + 11 + ((11 - 5) + -18 - -16)
0
1 + 706 + -581 + -19 + -1
106
What is the value of -84 - 26 - (23 + -16 - (4 + -15))?
-128
What is the value of 0 + -3 + -28 + 27 + 1 + -29 + 25?
-7
What is the value of -10 + 3 + 4 + (-23 - (-15 + 61)) - 1?
-73
Evaluate -8 - (-11 + 17) - 4 - (74 + -21).
-71
What is the value of -51 + (-50 - -55 - -48)?
2
What is the value of 42 + (9 - (17 - -10))?
24
Calculate -97 + -2 - ((1 - -2) + -79 + (76 - 11)).
-88
Evaluate 41 + -40 + (57 - ((2 - 0) + (-1 - -6))).
51
Calculate 22 - (-26 + (-24 - -27) - 5).
50
What is the value of -27 + 18 + -1 + -19 - 29?
-58
105 + (76 - 114) + -34
33
-15 - (-19 - -22) - (26 - -17)
-61
Evaluate 36 + (23 + 11 + -52 - -27).
45
20 - 63 - -66 - 2
21
Calculate (79 + -72 - -3) + (-1 - -35 - (2 + -3)).
45
Calculate -198 + 211 + (0 + -2 - -1) + 0.
12
What is (8 - -1) + (-28 - 29) + 61 - 23?
-10
-24 + 76 + -14 + -80
-42
What is the value of -4 + 2 + (-22 + 64 + -3 - -3)?
40
111 + (4 - 3 - 8 - (7 + -8 + 1))
104
Evaluate -5 + (-7 - 54 - (4 + 4 + -7 + -3)).
-64
Calculate -2 - -64 - (-107 + 103 + -2 + 0).
68
Calculate (4 - 4) + -44 + -5 - -5.
-44
Evaluate -4905 + 4874 - (0 - -42).
-73
What is the value of -18 - (9 - (24 - -14)) - 16 - (-56 - -1)?
50
-78 + 28 + 126 - 34
42
(-16 - -24) + 10 + (-22 - (118 - 4))
-118
Calculate -21 - (7 + 6 + -10 - 19) - -102.
97
Evaluate -3 + 6 + (-82 - -15 - (0 + -8)).
-56
What is the value of -8 + (2 + 6 + -1 + 3 - (894 - 887))?
-5
Evaluate -19 + -18 + -16 + -4 + 40.
-17
Calculate (-1 + 31 - (-231 + 172)) + -28.
61
1 + -3 - -23 - ((4 - 8) + 11 - 1)
15
Calculate -12 - ((-65 - -44) + 1 + (16 - 2)).
-6
Calculate 25 + (76 - 141 - 14).
-54
What is (-2 - 4) + 13 - -4 - (-20 - -67 - -12)?
-48
Evaluate 69 - (-27 - -84) - (0 - (-2 + 1)).
11
Calculate (-20 - 50) + (-15 - 18 - -24).
-79
Calculate (3568 - 